{"id":1889,"date":"2019-08-24T17:07:35","date_gmt":"2019-08-24T20:07:35","guid":{"rendered":"https:\/\/hbcsaude.com\/site\/?page_id=1889"},"modified":"2025-09-18T15:06:04","modified_gmt":"2025-09-18T18:06:04","slug":"plano-coletivo-por-adesao","status":"publish","type":"page","link":"https:\/\/conveniodesaude.com.br\/hbcsaude\/plano-coletivo-por-adesao\/","title":{"rendered":"Plano Coletivo por Ades\u00e3o"},"content":{"rendered":"\t\t<div data-elementor-type=\"wp-post\" data-elementor-id=\"1889\" class=\"elementor elementor-1889\" data-elementor-post-type=\"page\">\n\t\t\t\t\t\t<section class=\"elementor-section elementor-top-section elementor-element elementor-element-5bfbec7 elementor-section-full_width elementor-section-height-default elementor-section-height-default\" data-id=\"5bfbec7\" data-element_type=\"section\" data-e-type=\"section\">\n\t\t\t\t\t\t<div class=\"elementor-container elementor-column-gap-no\">\n\t\t\t\t\t<div class=\"elementor-column elementor-col-100 elementor-top-column elementor-element elementor-element-890e79f\" data-id=\"890e79f\" data-element_type=\"column\" data-e-type=\"column\">\n\t\t\t<div class=\"elementor-widget-wrap elementor-element-populated\">\n\t\t\t\t\t\t<div class=\"elementor-element elementor-element-fd4b245 elementor-widget elementor-widget-heading\" data-id=\"fd4b245\" data-element_type=\"widget\" data-e-type=\"widget\" data-widget_type=\"heading.default\">\n\t\t\t\t<div class=\"elementor-widget-container\">\n\t\t\t\t\t<h2 class=\"elementor-heading-title elementor-size-xl\">Coletivo por Ades\u00e3o<\/h2>\t\t\t\t<\/div>\n\t\t\t\t<\/div>\n\t\t\t\t\t<\/div>\n\t\t<\/div>\n\t\t\t\t\t<\/div>\n\t\t<\/section>\n\t\t\t\t<section class=\"elementor-section elementor-top-section elementor-element elementor-element-5de8e3a elementor-section-boxed elementor-section-height-default elementor-section-height-default\" data-id=\"5de8e3a\" data-element_type=\"section\" data-e-type=\"section\" data-settings=\"{&quot;background_background&quot;:&quot;classic&quot;}\">\n\t\t\t\t\t\t<div class=\"elementor-container elementor-column-gap-default\">\n\t\t\t\t\t<div class=\"elementor-column elementor-col-50 elementor-top-column elementor-element elementor-element-b368e13\" data-id=\"b368e13\" data-element_type=\"column\" data-e-type=\"column\">\n\t\t\t<div class=\"elementor-widget-wrap elementor-element-populated\">\n\t\t\t\t\t\t<div class=\"elementor-element elementor-element-8b8ac0c elementor-widget elementor-widget-text-editor\" data-id=\"8b8ac0c\" data-element_type=\"widget\" data-e-type=\"widget\" data-widget_type=\"text-editor.default\">\n\t\t\t\t<div class=\"elementor-widget-container\">\n\t\t\t\t\t\t\t\t\t<h2><strong><span style=\"color: #005a2f;\">Quem pode aderir:<\/span><\/strong><\/h2><p><span style=\"color: #000000;\">Funcion\u00e1rios P\u00fablicos Municipais;<\/span><br \/><span style=\"color: #000000;\">Funcion\u00e1rio e S\u00f3cio do Com\u00e9rcio;<\/span><br \/><span style=\"color: #000000;\">Servidor: Municipal, Estadual e Federal;<\/span><br \/><span style=\"color: #000000;\">Estudantes (a partir de 4 anos de Idade);<\/span><br \/><span style=\"color: #000000;\">Microempreendedor Individual \u2013 MEI.<\/span><\/p><h2><strong><span style=\"color: #005a2f;\">Rede Referenciada<\/span><\/strong><\/h2><p><span style=\"color: #000000;\"><strong>Pr\u00f3pria<\/strong><\/span><br \/><span style=\"color: #000000;\">Hospital Bom Clima<\/span><br \/><span style=\"color: #000000;\">Cl\u00ednica Salgado Filho<\/span><br \/><span style=\"color: #000000;\">Cl\u00ednica SATI<\/span><\/p><p><span style=\"color: #000000;\"><strong>Credenciada<\/strong><\/span><br \/><span style=\"color: #000000;\">Voxel Medicina Diagn\u00f3stica<\/span><br \/><span style=\"color: #000000;\">Cl\u00ednica Jardim S\u00e3o Jo\u00e3o<\/span><br \/><span style=\"color: #000000;\">Fisioterapia e Terapia da M\u00e3o<\/span><br \/><span style=\"color: #000000;\">SM Diagn\u00f3sticos Especializados<\/span><\/p>\t\t\t\t\t\t\t\t<\/div>\n\t\t\t\t<\/div>\n\t\t\t\t\t<\/div>\n\t\t<\/div>\n\t\t\t\t<div class=\"elementor-column elementor-col-50 elementor-top-column elementor-element elementor-element-ddacd3c\" data-id=\"ddacd3c\" data-element_type=\"column\" data-e-type=\"column\">\n\t\t\t<div class=\"elementor-widget-wrap elementor-element-populated\">\n\t\t\t\t\t\t<div class=\"elementor-element elementor-element-4b73303 elementor-widget elementor-widget-image\" data-id=\"4b73303\" data-element_type=\"widget\" data-e-type=\"widget\" data-widget_type=\"image.default\">\n\t\t\t\t<div class=\"elementor-widget-container\">\n\t\t\t\t\t\t\t\t\t\t\t\t\t\t\t<img fetchpriority=\"high\" decoding=\"async\" width=\"800\" height=\"600\" src=\"https:\/\/conveniodesaude.com.br\/hbcsaude\/wp-content\/uploads\/2019\/08\/medico.jpg\" class=\"attachment-large size-large wp-image-1892\" alt=\"\" srcset=\"https:\/\/conveniodesaude.com.br\/hbcsaude\/wp-content\/uploads\/2019\/08\/medico.jpg 800w, https:\/\/conveniodesaude.com.br\/hbcsaude\/wp-content\/uploads\/2019\/08\/medico-300x225.jpg 300w, https:\/\/conveniodesaude.com.br\/hbcsaude\/wp-content\/uploads\/2019\/08\/medico-768x576.jpg 768w\" sizes=\"(max-width: 800px) 100vw, 800px\" \/>\t\t\t\t\t\t\t\t\t\t\t\t\t\t\t<\/div>\n\t\t\t\t<\/div>\n\t\t\t\t\t<\/div>\n\t\t<\/div>\n\t\t\t\t\t<\/div>\n\t\t<\/section>\n\t\t\t\t<section class=\"elementor-section elementor-top-section elementor-element elementor-element-3a41aa9 elementor-section-content-top elementor-section-boxed elementor-section-height-default elementor-section-height-default\" data-id=\"3a41aa9\" data-element_type=\"section\" data-e-type=\"section\" data-settings=\"{&quot;background_background&quot;:&quot;classic&quot;}\">\n\t\t\t\t\t\t\t<div class=\"elementor-background-overlay\"><\/div>\n\t\t\t\t\t\t\t<div class=\"elementor-container elementor-column-gap-default\">\n\t\t\t\t\t<div class=\"elementor-column elementor-col-33 elementor-top-column elementor-element elementor-element-d5589cf\" data-id=\"d5589cf\" data-element_type=\"column\" data-e-type=\"column\">\n\t\t\t<div class=\"elementor-widget-wrap\">\n\t\t\t\t\t\t\t<\/div>\n\t\t<\/div>\n\t\t\t\t<div class=\"elementor-column elementor-col-33 elementor-top-column elementor-element elementor-element-91b1b8f\" data-id=\"91b1b8f\" data-element_type=\"column\" data-e-type=\"column\">\n\t\t\t<div class=\"elementor-widget-wrap elementor-element-populated\">\n\t\t\t\t\t\t<div class=\"elementor-element elementor-element-07c1328 elementor-widget elementor-widget-text-editor\" data-id=\"07c1328\" data-element_type=\"widget\" data-e-type=\"widget\" data-widget_type=\"text-editor.default\">\n\t\t\t\t<div class=\"elementor-widget-container\">\n\t\t\t\t\t\t\t\t\t<p><strong>SOLICITE COTA\u00c7\u00c3O<\/strong><\/p>\t\t\t\t\t\t\t\t<\/div>\n\t\t\t\t<\/div>\n\t\t\t\t<div class=\"elementor-element elementor-element-b3ae7a4 elementor-button-align-stretch elementor-widget elementor-widget-form\" data-id=\"b3ae7a4\" data-element_type=\"widget\" data-e-type=\"widget\" data-settings=\"{&quot;step_next_label&quot;:&quot;Next&quot;,&quot;step_previous_label&quot;:&quot;Previous&quot;,&quot;button_width&quot;:&quot;100&quot;,&quot;step_type&quot;:&quot;number_text&quot;,&quot;step_icon_shape&quot;:&quot;circle&quot;}\" data-widget_type=\"form.default\">\n\t\t\t\t<div class=\"elementor-widget-container\">\n\t\t\t\t\t\t\t<form class=\"elementor-form\" method=\"post\" id=\"pagina-coletivo-por-adesao\" name=\"P\u00e1gina coletivo por ades\u00e3o\" aria-label=\"P\u00e1gina coletivo por ades\u00e3o\">\n\t\t\t<input type=\"hidden\" name=\"post_id\" value=\"1889\"\/>\n\t\t\t<input type=\"hidden\" name=\"form_id\" value=\"b3ae7a4\"\/>\n\t\t\t<input type=\"hidden\" name=\"referer_title\" value=\"Plano Coletivo por Ades\u00e3o\" \/>\n\n\t\t\t\t\t\t\t<input type=\"hidden\" name=\"queried_id\" value=\"1889\"\/>\n\t\t\t\n\t\t\t<div class=\"elementor-form-fields-wrapper elementor-labels-above\">\n\t\t\t\t\t\t\t\t<div class=\"elementor-field-type-text elementor-field-group elementor-column elementor-field-group-name elementor-col-100 elementor-field-required\">\n\t\t\t\t\t\t\t\t\t\t\t\t\t<input size=\"1\" type=\"text\" name=\"form_fields[name]\" id=\"form-field-name\" class=\"elementor-field elementor-size-md  elementor-field-textual\" placeholder=\"Nome completo\" required=\"required\">\n\t\t\t\t\t\t\t\t\t\t\t<\/div>\n\t\t\t\t\t\t\t\t<div class=\"elementor-field-type-email elementor-field-group elementor-column elementor-field-group-email elementor-col-100 elementor-field-required\">\n\t\t\t\t\t\t\t\t\t\t\t\t\t<input size=\"1\" type=\"email\" name=\"form_fields[email]\" id=\"form-field-email\" class=\"elementor-field elementor-size-md  elementor-field-textual\" placeholder=\"E-mail\" required=\"required\">\n\t\t\t\t\t\t\t\t\t\t\t<\/div>\n\t\t\t\t\t\t\t\t<div class=\"elementor-field-type-tel elementor-field-group elementor-column elementor-field-group-celular elementor-col-100 elementor-field-required\">\n\t\t\t\t\t\t\t<input size=\"1\" type=\"tel\" name=\"form_fields[celular]\" id=\"form-field-celular\" class=\"elementor-field elementor-size-md  elementor-field-textual\" placeholder=\"DDD + Celular (Ex: 11999999999)\" required=\"required\" pattern=\"[0-9()#&amp;+*-=.]+\" title=\"Apenas n\u00fameros e caracteres de telefone (#, -, *, etc.) s\u00e3o aceitos.\">\n\n\t\t\t\t\t\t<\/div>\n\t\t\t\t\t\t\t\t<div class=\"elementor-field-type-textarea elementor-field-group elementor-column elementor-field-group-detalhes elementor-col-100\">\n\t\t\t\t\t<textarea class=\"elementor-field-textual elementor-field  elementor-size-md\" name=\"form_fields[detalhes]\" id=\"form-field-detalhes\" rows=\"4\" placeholder=\"Para uma cota\u00e7\u00e3o mais precisa, informe o CEP e idades. Caso julgue necess\u00e1rio, informe mais outros detalhes.\"><\/textarea>\t\t\t\t<\/div>\n\t\t\t\t\t\t\t\t<div class=\"elementor-field-type-recaptcha_v3 elementor-field-group elementor-column elementor-field-group-field_14f7060 elementor-col-100 recaptcha_v3-bottomleft\">\n\t\t\t\t\t<div class=\"elementor-field\" id=\"form-field-field_14f7060\"><div class=\"elementor-g-recaptcha\" data-sitekey=\"6LctBvofAAAAAK4uAuAePLhyDpyIp3csWF_9VW_w\" data-type=\"v3\" data-action=\"Form\" data-badge=\"bottomleft\" data-size=\"invisible\"><\/div><\/div>\t\t\t\t<\/div>\n\t\t\t\t\t\t\t\t<div class=\"elementor-field-group elementor-column elementor-field-type-submit elementor-col-100 e-form__buttons\">\n\t\t\t\t\t<button class=\"elementor-button elementor-size-md\" type=\"submit\">\n\t\t\t\t\t\t<span class=\"elementor-button-content-wrapper\">\n\t\t\t\t\t\t\t\t\t\t\t\t\t\t\t\t\t\t\t\t\t\t<span class=\"elementor-button-text\">SOLICITAR AGORA<\/span>\n\t\t\t\t\t\t\t\t\t\t\t\t\t<\/span>\n\t\t\t\t\t<\/button>\n\t\t\t\t<\/div>\n\t\t\t<\/div>\n\t\t<\/form>\n\t\t\t\t\t\t<\/div>\n\t\t\t\t<\/div>\n\t\t\t\t\t<\/div>\n\t\t<\/div>\n\t\t\t\t<div class=\"elementor-column elementor-col-33 elementor-top-column elementor-element elementor-element-416aa7e\" data-id=\"416aa7e\" data-element_type=\"column\" data-e-type=\"column\">\n\t\t\t<div class=\"elementor-widget-wrap\">\n\t\t\t\t\t\t\t<\/div>\n\t\t<\/div>\n\t\t\t\t\t<\/div>\n\t\t<\/section>\n\t\t\t\t<\/div>\n\t\t","protected":false},"excerpt":{"rendered":"<p>Coletivo por Ades\u00e3o Quem pode aderir: Funcion\u00e1rios P\u00fablicos Municipais;Funcion\u00e1rio e S\u00f3cio do Com\u00e9rcio;Servidor: Municipal, Estadual e Federal;Estudantes (a partir de 4 anos de Idade);Microempreendedor Individual \u2013 MEI. Rede Referenciada Pr\u00f3priaHospital Bom ClimaCl\u00ednica Salgado FilhoCl\u00ednica SATI CredenciadaVoxel Medicina Diagn\u00f3sticaCl\u00ednica Jardim S\u00e3o Jo\u00e3oFisioterapia e Terapia da M\u00e3oSM Diagn\u00f3sticos Especializados SOLICITE COTA\u00c7\u00c3O<\/p>\n","protected":false},"author":1,"featured_media":0,"parent":0,"menu_order":0,"comment_status":"closed","ping_status":"closed","template":"","meta":{"generate_page_header":"","footnotes":""},"class_list":["post-1889","page","type-page","status-publish"],"_links":{"self":[{"href":"https:\/\/conveniodesaude.com.br\/hbcsaude\/wp-json\/wp\/v2\/pages\/1889","targetHints":{"allow":["GET"]}}],"collection":[{"href":"https:\/\/conveniodesaude.com.br\/hbcsaude\/wp-json\/wp\/v2\/pages"}],"about":[{"href":"https:\/\/conveniodesaude.com.br\/hbcsaude\/wp-json\/wp\/v2\/types\/page"}],"author":[{"embeddable":true,"href":"https:\/\/conveniodesaude.com.br\/hbcsaude\/wp-json\/wp\/v2\/users\/1"}],"replies":[{"embeddable":true,"href":"https:\/\/conveniodesaude.com.br\/hbcsaude\/wp-json\/wp\/v2\/comments?post=1889"}],"version-history":[{"count":33,"href":"https:\/\/conveniodesaude.com.br\/hbcsaude\/wp-json\/wp\/v2\/pages\/1889\/revisions"}],"predecessor-version":[{"id":2678,"href":"https:\/\/conveniodesaude.com.br\/hbcsaude\/wp-json\/wp\/v2\/pages\/1889\/revisions\/2678"}],"wp:attachment":[{"href":"https:\/\/conveniodesaude.com.br\/hbcsaude\/wp-json\/wp\/v2\/media?parent=1889"}],"curies":[{"name":"wp","href":"https:\/\/api.w.org\/{rel}","templated":true}]}}